{"id":629,"date":"2022-07-26T16:10:42","date_gmt":"2022-07-26T16:10:42","guid":{"rendered":"https:\/\/hcw.org.pl\/?page_id=629"},"modified":"2022-07-27T13:39:29","modified_gmt":"2022-07-27T13:39:29","slug":"wsparcie","status":"publish","type":"page","link":"https:\/\/hcw.org.pl\/index.php\/dzialania\/tatowisko-2022\/wsparcie\/","title":{"rendered":"WSPARCIE"},"content":{"rendered":"\t\t<div data-elementor-type=\"wp-page\" data-elementor-id=\"629\" class=\"elementor elementor-629\">\n\t\t\t\t\t\t\t\t\t<section class=\"elementor-section elementor-top-section elementor-element elementor-element-6e363df elementor-section-boxed elementor-section-height-default elementor-section-height-default\" data-id=\"6e363df\" data-element_type=\"section\">\n\t\t\t\t\t\t<div class=\"elementor-container elementor-column-gap-default\">\n\t\t\t\t\t<div class=\"elementor-column elementor-col-100 elementor-top-column elementor-element elementor-element-d28c3c9\" data-id=\"d28c3c9\" data-element_type=\"column\">\n\t\t\t<div class=\"elementor-widget-wrap elementor-element-populated\">\n\t\t\t\t\t\t\t\t<div class=\"elementor-element elementor-element-8af4d78 elementor-widget elementor-widget-text-editor\" data-id=\"8af4d78\" data-element_type=\"widget\" data-widget_type=\"text-editor.default\">\n\t\t\t\t<div class=\"elementor-widget-container\">\n\t\t\t<style>\/*! elementor - v3.14.0 - 26-06-2023 *\/\n.elementor-widget-text-editor.elementor-drop-cap-view-stacked .elementor-drop-cap{background-color:#69727d;color:#fff}.elementor-widget-text-editor.elementor-drop-cap-view-framed .elementor-drop-cap{color:#69727d;border:3px solid;background-color:transparent}.elementor-widget-text-editor:not(.elementor-drop-cap-view-default) .elementor-drop-cap{margin-top:8px}.elementor-widget-text-editor:not(.elementor-drop-cap-view-default) .elementor-drop-cap-letter{width:1em;height:1em}.elementor-widget-text-editor .elementor-drop-cap{float:left;text-align:center;line-height:1;font-size:50px}.elementor-widget-text-editor .elementor-drop-cap-letter{display:inline-block}<\/style>\t\t\t\t<p><strong>Udzia\u0142 w projekcie jest bezp\u0142atny.<\/strong> Zostan\u0105 zrealizowane nast\u0119puj\u0105ce zadania:<\/p>\t\t\t\t\t\t<\/div>\n\t\t\t\t<\/div>\n\t\t\t\t\t<\/div>\n\t\t<\/div>\n\t\t\t\t\t\t\t<\/div>\n\t\t<\/section>\n\t\t\t\t<section class=\"elementor-section elementor-top-section elementor-element elementor-element-f73fc51 elementor-section-boxed elementor-section-height-default elementor-section-height-default\" data-id=\"f73fc51\" data-element_type=\"section\">\n\t\t\t\t\t\t<div class=\"elementor-container elementor-column-gap-default\">\n\t\t\t\t\t<div class=\"elementor-column elementor-col-100 elementor-top-column elementor-element elementor-element-b9c4f07\" data-id=\"b9c4f07\" data-element_type=\"column\">\n\t\t\t<div class=\"elementor-widget-wrap elementor-element-populated\">\n\t\t\t\t\t\t\t\t<div class=\"elementor-element elementor-element-ab5af4d elementor-widget elementor-widget-image\" data-id=\"ab5af4d\" data-element_type=\"widget\" data-widget_type=\"image.default\">\n\t\t\t\t<div class=\"elementor-widget-container\">\n\t\t\t<style>\/*! elementor - v3.14.0 - 26-06-2023 *\/\n.elementor-widget-image{text-align:center}.elementor-widget-image a{display:inline-block}.elementor-widget-image a img[src$=\".svg\"]{width:48px}.elementor-widget-image img{vertical-align:middle;display:inline-block}<\/style>\t\t\t\t\t\t\t\t\t\t\t\t<img loading=\"lazy\" decoding=\"async\" width=\"1280\" height=\"600\" src=\"https:\/\/hcw.org.pl\/wp-content\/uploads\/2022\/07\/projekt1.png\" class=\"attachment-full size-full wp-image-339\" alt=\"\" srcset=\"https:\/\/hcw.org.pl\/wp-content\/uploads\/2022\/07\/projekt1.png 1280w, https:\/\/hcw.org.pl\/wp-content\/uploads\/2022\/07\/projekt1-300x141.png 300w, https:\/\/hcw.org.pl\/wp-content\/uploads\/2022\/07\/projekt1-1024x480.png 1024w, https:\/\/hcw.org.pl\/wp-content\/uploads\/2022\/07\/projekt1-768x360.png 768w\" sizes=\"auto, (max-width: 1280px) 100vw, 1280px\" \/>\t\t\t\t\t\t\t\t\t\t\t\t\t\t\t<\/div>\n\t\t\t\t<\/div>\n\t\t\t\t\t<\/div>\n\t\t<\/div>\n\t\t\t\t\t\t\t<\/div>\n\t\t<\/section>\n\t\t\t\t<section class=\"elementor-section elementor-top-section elementor-element elementor-element-fefe402 elementor-section-full_width elementor-section-stretched elementor-section-height-default elementor-section-height-default\" data-id=\"fefe402\" data-element_type=\"section\" data-settings=\"{&quot;stretch_section&quot;:&quot;section-stretched&quot;}\">\n\t\t\t\t\t\t<div class=\"elementor-container elementor-column-gap-default\">\n\t\t\t\t\t<div class=\"elementor-column elementor-col-50 elementor-top-column elementor-element elementor-element-78bd96f\" data-id=\"78bd96f\" data-element_type=\"column\">\n\t\t\t<div class=\"elementor-widget-wrap elementor-element-populated\">\n\t\t\t\t\t\t\t\t<div class=\"elementor-element elementor-element-9d3558f elementor-position-top elementor-vertical-align-top elementor-widget elementor-widget-image-box\" data-id=\"9d3558f\" data-element_type=\"widget\" data-widget_type=\"image-box.default\">\n\t\t\t\t<div class=\"elementor-widget-container\">\n\t\t\t<style>\/*! elementor - v3.14.0 - 26-06-2023 *\/\n.elementor-widget-image-box .elementor-image-box-content{width:100%}@media (min-width:768px){.elementor-widget-image-box.elementor-position-left .elementor-image-box-wrapper,.elementor-widget-image-box.elementor-position-right .elementor-image-box-wrapper{display:flex}.elementor-widget-image-box.elementor-position-right .elementor-image-box-wrapper{text-align:right;flex-direction:row-reverse}.elementor-widget-image-box.elementor-position-left .elementor-image-box-wrapper{text-align:left;flex-direction:row}.elementor-widget-image-box.elementor-position-top .elementor-image-box-img{margin:auto}.elementor-widget-image-box.elementor-vertical-align-top .elementor-image-box-wrapper{align-items:flex-start}.elementor-widget-image-box.elementor-vertical-align-middle .elementor-image-box-wrapper{align-items:center}.elementor-widget-image-box.elementor-vertical-align-bottom .elementor-image-box-wrapper{align-items:flex-end}}@media (max-width:767px){.elementor-widget-image-box .elementor-image-box-img{margin-left:auto!important;margin-right:auto!important;margin-bottom:15px}}.elementor-widget-image-box .elementor-image-box-img{display:inline-block}.elementor-widget-image-box .elementor-image-box-title a{color:inherit}.elementor-widget-image-box .elementor-image-box-wrapper{text-align:center}.elementor-widget-image-box .elementor-image-box-description{margin:0}<\/style><div class=\"elementor-image-box-wrapper\"><figure class=\"elementor-image-box-img\"><img loading=\"lazy\" decoding=\"async\" width=\"500\" height=\"500\" src=\"https:\/\/hcw.org.pl\/wp-content\/uploads\/2022\/07\/wsparcie-1.jpg\" class=\"elementor-animation-shrink attachment-full size-full wp-image-749\" alt=\"\" srcset=\"https:\/\/hcw.org.pl\/wp-content\/uploads\/2022\/07\/wsparcie-1.jpg 500w, https:\/\/hcw.org.pl\/wp-content\/uploads\/2022\/07\/wsparcie-1-300x300.jpg 300w, https:\/\/hcw.org.pl\/wp-content\/uploads\/2022\/07\/wsparcie-1-150x150.jpg 150w, https:\/\/hcw.org.pl\/wp-content\/uploads\/2022\/07\/wsparcie-1-100x100.jpg 100w\" sizes=\"auto, (max-width: 500px) 100vw, 500px\" \/><\/figure><div class=\"elementor-image-box-content\"><h3 class=\"elementor-image-box-title\">TATOWISKO<\/h3><p class=\"elementor-image-box-description\"><P>Wydarzenie wyjazdowe (od pi\u0105tku do niedzieli) adresowane do ojc\u00f3w (\u015brednio 14 os\u00f3b\/grup\u0119) z dzie\u0107mi (\u015brednio 20 os\u00f3b\/grup\u0119). Zostan\u0105 uruchomione dwie edycje wydarzenia dla dw\u00f3ch grup uczestnik\u00f3w. W czasie TATOWISKA ojcowie sp\u0119dz\u0105 warto\u015bciowy czas ze swoimi dzie\u0107mi (24 h\/dob\u0119, przy zachowaniu zasady pozostawania offline, poza awaryjnymi sytuacjami), jednocze\u015bnie kszta\u0142c\u0105c w sobie umiej\u0119tno\u015bci budowania z nimi warto\u015bciowych relacji, opartych na cieple i obustronnym szacunku.<\/P>\n\n<P>Celem TATOWISKA jest promocja \u015bwiadomego ojcostwa w\u015br\u00f3d uczestnik\u00f3w projektu. Na TATOWISKU dziecko powinno si\u0119 przekona\u0107, \u017ce ojcowie maj\u0105 zawsze czas dla dzieci, \u017ce z ojcem mo\u017cna czu\u0107 si\u0119 bezpiecznie. Wsp\u00f3lne chwile b\u0119d\u0105 urozmaicone: ojcowie z dzie\u0107mi sp\u0119dz\u0105 czas na \u015bwie\u017cym powietrzu, w\u0142\u0105czaj\u0105c wsp\u00f3\u0142zawodnictwo sportowe, nauk\u0119 nowych umiej\u0119tno\u015bci. Wydarzenie b\u0119dzie realizowane dla dw\u00f3ch grup uczestnik\u00f3w w o\u015brodku\/o\u015brodkach szkoleniowo-wypoczynkowych zlokalizowanych na terenie Lubelszczyzny.<\/P>\n\n<P>Uczestnikom podczas wyjazdu zostanie zapewniony catering oraz nocleg.<\/P><\/p><\/div><\/div>\t\t<\/div>\n\t\t\t\t<\/div>\n\t\t\t\t\t<\/div>\n\t\t<\/div>\n\t\t\t\t<div class=\"elementor-column elementor-col-50 elementor-top-column elementor-element elementor-element-16f84f2\" data-id=\"16f84f2\" data-element_type=\"column\">\n\t\t\t<div class=\"elementor-widget-wrap elementor-element-populated\">\n\t\t\t\t\t\t\t\t<div class=\"elementor-element elementor-element-bef3991 elementor-position-top elementor-vertical-align-top elementor-widget elementor-widget-image-box\" data-id=\"bef3991\" data-element_type=\"widget\" data-widget_type=\"image-box.default\">\n\t\t\t\t<div class=\"elementor-widget-container\">\n\t\t\t<div class=\"elementor-image-box-wrapper\"><figure class=\"elementor-image-box-img\"><img loading=\"lazy\" decoding=\"async\" width=\"500\" height=\"500\" src=\"https:\/\/hcw.org.pl\/wp-content\/uploads\/2022\/07\/wsparcie-2.jpg\" class=\"elementor-animation-shrink attachment-full size-full wp-image-775\" alt=\"\" srcset=\"https:\/\/hcw.org.pl\/wp-content\/uploads\/2022\/07\/wsparcie-2.jpg 500w, https:\/\/hcw.org.pl\/wp-content\/uploads\/2022\/07\/wsparcie-2-300x300.jpg 300w, https:\/\/hcw.org.pl\/wp-content\/uploads\/2022\/07\/wsparcie-2-150x150.jpg 150w, https:\/\/hcw.org.pl\/wp-content\/uploads\/2022\/07\/wsparcie-2-100x100.jpg 100w\" sizes=\"auto, (max-width: 500px) 100vw, 500px\" \/><\/figure><div class=\"elementor-image-box-content\"><h3 class=\"elementor-image-box-title\">KLUB OJCA<\/h3><p class=\"elementor-image-box-description\"><P>Przestrze\u0144 do spotka\u0144 dla uczestnik\u00f3w projektu, w czasie kt\u00f3rych b\u0119d\u0105 mogli swobodnie porozmawia\u0107 o wyzwaniach zwi\u0105zanych z ojcostwem, wychowaniem dzieci, porozmawia\u0107 o trudno\u015bciach, jakich do\u015bwiadczaj\u0105, o sukcesach, jakie odnosz\u0105 na tym polu, uzyska\u0107 wsparcie od innych m\u0119\u017cczyzn lub po prostu zosta\u0107 wys\u0142uchanym.<\/P>\n\n<P>Spotkania odbywa\u0107 si\u0119 b\u0119d\u0105 raz w miesi\u0105cu (aby umo\u017cliwi\u0107 uczestnikom \u0142\u0105czenie udzia\u0142u w projekcie z pe\u0142nieniem innych obowi\u0105zk\u00f3w) i b\u0119d\u0105 moderowane przez osob\u0119 posiadaj\u0105c\u0105 do\u015bwiadczenie w tym zakresie. Podczas spotka\u0144 zostanie zapewnimy drobny pocz\u0119stunek (kawa, herbata, ciastka, woda). Spotkania KLUBU OJCA b\u0119d\u0105 odbywa\u0107 si\u0119 na terenie Lublina w dyskretnej sali zapewniaj\u0105cej komfortowe warunki dla 28 ojc\u00f3w.<\/P><\/p><\/div><\/div>\t\t<\/div>\n\t\t\t\t<\/div>\n\t\t\t\t\t<\/div>\n\t\t<\/div>\n\t\t\t\t\t\t\t<\/div>\n\t\t<\/section>\n\t\t\t\t<section class=\"elementor-section elementor-top-section elementor-element elementor-element-cbe12d3 elementor-section-full_width elementor-section-stretched elementor-section-height-default elementor-section-height-default\" data-id=\"cbe12d3\" data-element_type=\"section\" data-settings=\"{&quot;stretch_section&quot;:&quot;section-stretched&quot;}\">\n\t\t\t\t\t\t<div class=\"elementor-container elementor-column-gap-wider\">\n\t\t\t\t\t<div class=\"elementor-column elementor-col-50 elementor-top-column elementor-element elementor-element-52e1761\" data-id=\"52e1761\" data-element_type=\"column\">\n\t\t\t<div class=\"elementor-widget-wrap elementor-element-populated\">\n\t\t\t\t\t\t\t\t<div class=\"elementor-element elementor-element-89b7ac2 elementor-position-top elementor-vertical-align-top elementor-widget elementor-widget-image-box\" data-id=\"89b7ac2\" data-element_type=\"widget\" data-widget_type=\"image-box.default\">\n\t\t\t\t<div class=\"elementor-widget-container\">\n\t\t\t<div class=\"elementor-image-box-wrapper\"><figure class=\"elementor-image-box-img\"><img loading=\"lazy\" decoding=\"async\" width=\"500\" height=\"500\" src=\"https:\/\/hcw.org.pl\/wp-content\/uploads\/2022\/07\/wsparcie-3.jpg\" class=\"elementor-animation-shrink attachment-full size-full wp-image-780\" alt=\"\" srcset=\"https:\/\/hcw.org.pl\/wp-content\/uploads\/2022\/07\/wsparcie-3.jpg 500w, https:\/\/hcw.org.pl\/wp-content\/uploads\/2022\/07\/wsparcie-3-300x300.jpg 300w, https:\/\/hcw.org.pl\/wp-content\/uploads\/2022\/07\/wsparcie-3-150x150.jpg 150w, https:\/\/hcw.org.pl\/wp-content\/uploads\/2022\/07\/wsparcie-3-100x100.jpg 100w\" sizes=\"auto, (max-width: 500px) 100vw, 500px\" \/><\/figure><div class=\"elementor-image-box-content\"><h3 class=\"elementor-image-box-title\">COACHING OJCOWSKI<\/h3><p class=\"elementor-image-box-description\"><P>Spotkania ojc\u00f3w z coachem w formule 1 na 1. Coach wraz z ka\u017cdym uczestnikiem okre\u015bli mocne i s\u0142abe strony danego m\u0119\u017cczyzny jako ojca, zdefiniuje cele i sposoby ich osi\u0105gni\u0119cia, poprzez monitoring stopnia ich realizacji, a\u017c po weryfikacj\u0119, czy cele zosta\u0142y osi\u0105gni\u0119te, w jakim stopniu, jakie b\u0119d\u0105 kolejne kroki rozwojowe danego m\u0119\u017cczyzny jako ojca. <\/P>\n\n<P>Coaching ma na celu wsparcie w uporaniu si\u0119 z najistotniejszymi dla danego uczestnika problemami zwi\u0105zanymi z rodzicielstwem. Na jednego uczestnika przypadnie 6 godzin spotka\u0144 - 4 spotkania po 1,5 godziny, \u015brednio 1 raz w miesi\u0105cu.<\/P><\/p><\/div><\/div>\t\t<\/div>\n\t\t\t\t<\/div>\n\t\t\t\t\t<\/div>\n\t\t<\/div>\n\t\t\t\t<div class=\"elementor-column elementor-col-50 elementor-top-column elementor-element elementor-element-b7658bb\" data-id=\"b7658bb\" data-element_type=\"column\">\n\t\t\t<div class=\"elementor-widget-wrap elementor-element-populated\">\n\t\t\t\t\t\t\t\t<div class=\"elementor-element elementor-element-eb63d2c elementor-position-top elementor-vertical-align-top elementor-widget elementor-widget-image-box\" data-id=\"eb63d2c\" data-element_type=\"widget\" data-widget_type=\"image-box.default\">\n\t\t\t\t<div class=\"elementor-widget-container\">\n\t\t\t<div class=\"elementor-image-box-wrapper\"><figure class=\"elementor-image-box-img\"><img loading=\"lazy\" decoding=\"async\" width=\"500\" height=\"500\" src=\"https:\/\/hcw.org.pl\/wp-content\/uploads\/2022\/07\/wsparcie-4.jpg\" class=\"elementor-animation-shrink attachment-full size-full wp-image-814\" alt=\"\" srcset=\"https:\/\/hcw.org.pl\/wp-content\/uploads\/2022\/07\/wsparcie-4.jpg 500w, https:\/\/hcw.org.pl\/wp-content\/uploads\/2022\/07\/wsparcie-4-300x300.jpg 300w, https:\/\/hcw.org.pl\/wp-content\/uploads\/2022\/07\/wsparcie-4-150x150.jpg 150w, https:\/\/hcw.org.pl\/wp-content\/uploads\/2022\/07\/wsparcie-4-100x100.jpg 100w\" sizes=\"auto, (max-width: 500px) 100vw, 500px\" \/><\/figure><div class=\"elementor-image-box-content\"><h3 class=\"elementor-image-box-title\">KARTY MOTYWACYJNE<\/h3><p class=\"elementor-image-box-description\"><P>\nDzia\u0142anie skierowane do \u015bwie\u017co upieczonych ojc\u00f3w. Uczestnicy projektu w ramach poszczeg\u00f3lnych form wsparcia sformu\u0142uj\u0105 my\u015bli i przes\u0142ania, kt\u00f3re chcieliby przekaza\u0107 \u015bwie\u017co upieczonym ojcom. My\u015bli te zostan\u0105 zebrane w formie \"kart motywacyjnych\", z kt\u00f3rych powstan\u0105 pakiety (jeden pakiet to 30 kart z przes\u0142aniem). Ka\u017cdy pakiet b\u0119dzie zawiera\u0142 dane o realizatorze projektu oraz kontakt dla ojc\u00f3w, kt\u00f3rzy b\u0119d\u0105 potrzebowali skorzysta\u0107 ze wsparcia, np. poradniczego czy psychologicznego (realizator projektu zapewni takie wsparcie w przypadku zapotrzebowania). \n<\/P>\n\n<P>\nZostanie wyprodukowanych 300 pakiet\u00f3w, z kt\u00f3rych 200 zostanie przekazanych ojcom na oddzia\u0142ach po\u0142o\u017cniczych lubelskich szpitali. B\u0119dzie to dla nich forma upominku, ale tak\u017ce informacja o mo\u017cliwo\u015bci uzyskania wsparcia od Fundacji. Pozosta\u0142e pakiety zostan\u0105 przekazane uczestnikom projektu oraz wykorzystane do cel\u00f3w budowania spo\u0142eczno\u015bci wok\u00f3\u0142 Fundacji\n<\/P><\/p><\/div><\/div>\t\t<\/div>\n\t\t\t\t<\/div>\n\t\t\t\t\t<\/div>\n\t\t<\/div>\n\t\t\t\t\t\t\t<\/div>\n\t\t<\/section>\n\t\t\t\t\t\t\t<\/div>\n\t\t","protected":false},"excerpt":{"rendered":"<p>Udzia\u0142 w projekcie jest bezp\u0142atny. Zostan\u0105 zrealizowane nast\u0119puj\u0105ce zadania: TATOWISKO Wydarzenie wyjazdowe (od pi\u0105tku do niedzieli) adresowane do ojc\u00f3w (\u015brednio 14 os\u00f3b\/grup\u0119) z dzie\u0107mi (\u015brednio 20 os\u00f3b\/grup\u0119). Zostan\u0105 uruchomione dwie edycje wydarzenia dla dw\u00f3ch grup uczestnik\u00f3w. W czasie TATOWISKA ojcowie sp\u0119dz\u0105 warto\u015bciowy czas ze swoimi dzie\u0107mi (24 h\/dob\u0119, przy zachowaniu zasady pozostawania offline, poza awaryjnymi [&hellip;]<\/p>\n","protected":false},"author":1,"featured_media":0,"parent":624,"menu_order":0,"comment_status":"closed","ping_status":"closed","template":"elementor_theme","meta":{"footnotes":""},"class_list":["post-629","page","type-page","status-publish","hentry"],"_links":{"self":[{"href":"https:\/\/hcw.org.pl\/index.php\/wp-json\/wp\/v2\/pages\/629","targetHints":{"allow":["GET"]}}],"collection":[{"href":"https:\/\/hcw.org.pl\/index.php\/wp-json\/wp\/v2\/pages"}],"about":[{"href":"https:\/\/hcw.org.pl\/index.php\/wp-json\/wp\/v2\/types\/page"}],"author":[{"embeddable":true,"href":"https:\/\/hcw.org.pl\/index.php\/wp-json\/wp\/v2\/users\/1"}],"replies":[{"embeddable":true,"href":"https:\/\/hcw.org.pl\/index.php\/wp-json\/wp\/v2\/comments?post=629"}],"version-history":[{"count":98,"href":"https:\/\/hcw.org.pl\/index.php\/wp-json\/wp\/v2\/pages\/629\/revisions"}],"predecessor-version":[{"id":1193,"href":"https:\/\/hcw.org.pl\/index.php\/wp-json\/wp\/v2\/pages\/629\/revisions\/1193"}],"up":[{"embeddable":true,"href":"https:\/\/hcw.org.pl\/index.php\/wp-json\/wp\/v2\/pages\/624"}],"wp:attachment":[{"href":"https:\/\/hcw.org.pl\/index.php\/wp-json\/wp\/v2\/media?parent=629"}],"curies":[{"name":"wp","href":"https:\/\/api.w.org\/{rel}","templated":true}]}}