{"id":896,"date":"2022-07-26T20:37:26","date_gmt":"2022-07-26T20:37:26","guid":{"rendered":"https:\/\/hcw.org.pl\/?page_id=896"},"modified":"2023-01-18T19:58:31","modified_gmt":"2023-01-18T19:58:31","slug":"wizja","status":"publish","type":"page","link":"https:\/\/hcw.org.pl\/index.php\/wizja\/","title":{"rendered":"WIZJA"},"content":{"rendered":"\t\t<div data-elementor-type=\"wp-page\" data-elementor-id=\"896\" class=\"elementor elementor-896\">\n\t\t\t\t\t\t\t\t\t<section class=\"elementor-section elementor-top-section elementor-element elementor-element-84809b1 elementor-section-boxed elementor-section-height-default elementor-section-height-default\" data-id=\"84809b1\" data-element_type=\"section\">\n\t\t\t\t\t\t<div class=\"elementor-container elementor-column-gap-default\">\n\t\t\t\t\t<div class=\"elementor-column elementor-col-100 elementor-top-column elementor-element elementor-element-4ebe5db\" data-id=\"4ebe5db\" data-element_type=\"column\">\n\t\t\t<div class=\"elementor-widget-wrap elementor-element-populated\">\n\t\t\t\t\t\t\t\t<div class=\"elementor-element elementor-element-71452c4 elementor-widget elementor-widget-text-editor\" data-id=\"71452c4\" data-element_type=\"widget\" data-widget_type=\"text-editor.default\">\n\t\t\t\t<div class=\"elementor-widget-container\">\n\t\t\t<style>\/*! elementor - v3.14.0 - 26-06-2023 *\/\n.elementor-widget-text-editor.elementor-drop-cap-view-stacked .elementor-drop-cap{background-color:#69727d;color:#fff}.elementor-widget-text-editor.elementor-drop-cap-view-framed .elementor-drop-cap{color:#69727d;border:3px solid;background-color:transparent}.elementor-widget-text-editor:not(.elementor-drop-cap-view-default) .elementor-drop-cap{margin-top:8px}.elementor-widget-text-editor:not(.elementor-drop-cap-view-default) .elementor-drop-cap-letter{width:1em;height:1em}.elementor-widget-text-editor .elementor-drop-cap{float:left;text-align:center;line-height:1;font-size:50px}.elementor-widget-text-editor .elementor-drop-cap-letter{display:inline-block}<\/style>\t\t\t\t<p>Pragniemy, aby osoby obj\u0119te naszymi holistycznymi dzia\u0142aniami, potrafi\u0142y w pe\u0142ni wykorzysta\u0107 sw\u00f3j osobisty potencja\u0142. Dzi\u0119ki czemu b\u0119d\u0105 w stanie kszta\u0142towa\u0107 \u015bwiadomie swoj\u0105 przysz\u0142o\u015b\u0107 zgodnie ze swoimi mo\u017cliwo\u015bciami, zainteresowaniami, zdolno\u015bciami. W ten spos\u00f3b mamy nadziej\u0119 do\u0142o\u017cy\u0107 swoj\u0105 cegie\u0142k\u0119 do budowy lepszego spo\u0142ecze\u0144stwa, sk\u0142adaj\u0105cego si\u0119 ze \u015bwiadomych jednostek dzia\u0142aj\u0105cych we w\u0142asnym interesie, ale r\u00f3wnie\u017c dla dobra wsp\u00f3lnego.<\/p>\t\t\t\t\t\t<\/div>\n\t\t\t\t<\/div>\n\t\t\t\t\t<\/div>\n\t\t<\/div>\n\t\t\t\t\t\t\t<\/div>\n\t\t<\/section>\n\t\t\t\t<section class=\"elementor-section elementor-top-section elementor-element elementor-element-8ad0365 elementor-section-boxed elementor-section-height-default elementor-section-height-default\" data-id=\"8ad0365\" data-element_type=\"section\">\n\t\t\t\t\t\t<div class=\"elementor-container elementor-column-gap-default\">\n\t\t\t\t\t<div class=\"elementor-column elementor-col-100 elementor-top-column elementor-element elementor-element-896024a\" data-id=\"896024a\" data-element_type=\"column\">\n\t\t\t<div class=\"elementor-widget-wrap elementor-element-populated\">\n\t\t\t\t\t\t\t\t<div class=\"elementor-element elementor-element-532788f elementor-widget elementor-widget-image\" data-id=\"532788f\" data-element_type=\"widget\" data-widget_type=\"image.default\">\n\t\t\t\t<div class=\"elementor-widget-container\">\n\t\t\t<style>\/*! elementor - v3.14.0 - 26-06-2023 *\/\n.elementor-widget-image{text-align:center}.elementor-widget-image a{display:inline-block}.elementor-widget-image a img[src$=\".svg\"]{width:48px}.elementor-widget-image img{vertical-align:middle;display:inline-block}<\/style>\t\t\t\t\t\t\t\t\t\t\t\t<img loading=\"lazy\" decoding=\"async\" width=\"300\" height=\"180\" src=\"https:\/\/hcw.org.pl\/wp-content\/uploads\/2022\/07\/base_logo_white_background-300x180.png\" class=\"attachment-medium size-medium wp-image-902\" alt=\"\" srcset=\"https:\/\/hcw.org.pl\/wp-content\/uploads\/2022\/07\/base_logo_white_background-300x180.png 300w, https:\/\/hcw.org.pl\/wp-content\/uploads\/2022\/07\/base_logo_white_background-1024x614.png 1024w, https:\/\/hcw.org.pl\/wp-content\/uploads\/2022\/07\/base_logo_white_background-768x461.png 768w, https:\/\/hcw.org.pl\/wp-content\/uploads\/2022\/07\/base_logo_white_background-1536x922.png 1536w, https:\/\/hcw.org.pl\/wp-content\/uploads\/2022\/07\/base_logo_white_background-2048x1229.png 2048w, https:\/\/hcw.org.pl\/wp-content\/uploads\/2022\/07\/base_logo_white_background-2000x1200.png 2000w\" sizes=\"auto, (max-width: 300px) 100vw, 300px\" \/>\t\t\t\t\t\t\t\t\t\t\t\t\t\t\t<\/div>\n\t\t\t\t<\/div>\n\t\t\t\t\t<\/div>\n\t\t<\/div>\n\t\t\t\t\t\t\t<\/div>\n\t\t<\/section>\n\t\t\t\t<section class=\"elementor-section elementor-top-section elementor-element elementor-element-214b48a elementor-section-boxed elementor-section-height-default elementor-section-height-default\" data-id=\"214b48a\" data-element_type=\"section\">\n\t\t\t\t\t\t<div class=\"elementor-container elementor-column-gap-default\">\n\t\t\t\t\t<div class=\"elementor-column elementor-col-100 elementor-top-column elementor-element elementor-element-dcca917\" data-id=\"dcca917\" data-element_type=\"column\">\n\t\t\t<div class=\"elementor-widget-wrap elementor-element-populated\">\n\t\t\t\t\t\t\t\t<div class=\"elementor-element elementor-element-a28c7db elementor-widget elementor-widget-spacer\" data-id=\"a28c7db\" data-element_type=\"widget\" data-widget_type=\"spacer.default\">\n\t\t\t\t<div class=\"elementor-widget-container\">\n\t\t\t<style>\/*! elementor - v3.14.0 - 26-06-2023 *\/\n.elementor-column .elementor-spacer-inner{height:var(--spacer-size)}.e-con{--container-widget-width:100%}.e-con-inner>.elementor-widget-spacer,.e-con>.elementor-widget-spacer{width:var(--container-widget-width,var(--spacer-size));--align-self:var(--container-widget-align-self,initial);--flex-shrink:0}.e-con-inner>.elementor-widget-spacer>.elementor-widget-container,.e-con-inner>.elementor-widget-spacer>.elementor-widget-container>.elementor-spacer,.e-con>.elementor-widget-spacer>.elementor-widget-container,.e-con>.elementor-widget-spacer>.elementor-widget-container>.elementor-spacer{height:100%}.e-con-inner>.elementor-widget-spacer>.elementor-widget-container>.elementor-spacer>.elementor-spacer-inner,.e-con>.elementor-widget-spacer>.elementor-widget-container>.elementor-spacer>.elementor-spacer-inner{height:var(--container-widget-height,var(--spacer-size))}<\/style>\t\t<div class=\"elementor-spacer\">\n\t\t\t<div class=\"elementor-spacer-inner\"><\/div>\n\t\t<\/div>\n\t\t\t\t<\/div>\n\t\t\t\t<\/div>\n\t\t\t\t<div class=\"elementor-element elementor-element-b0754f7 elementor-widget elementor-widget-text-editor\" data-id=\"b0754f7\" data-element_type=\"widget\" data-widget_type=\"text-editor.default\">\n\t\t\t\t<div class=\"elementor-widget-container\">\n\t\t\t\t\t\t\t<p>FUNDACJA HOLISTYCZNE CENTRUM WSPARCIA dzia\u0142a holistycznie na rzecz jednostek i grup poprzez optymalizowanie ich efektywno\u015bci we wszystkich sferach \u017cycia.<\/p>\t\t\t\t\t\t<\/div>\n\t\t\t\t<\/div>\n\t\t\t\t\t<\/div>\n\t\t<\/div>\n\t\t\t\t\t\t\t<\/div>\n\t\t<\/section>\n\t\t\t\t<section class=\"elementor-section elementor-top-section elementor-element elementor-element-19a2c5f elementor-section-boxed elementor-section-height-default elementor-section-height-default\" data-id=\"19a2c5f\" data-element_type=\"section\">\n\t\t\t\t\t\t<div class=\"elementor-container elementor-column-gap-extended\">\n\t\t\t\t\t<div class=\"elementor-column elementor-col-33 elementor-top-column elementor-element elementor-element-e36b668\" data-id=\"e36b668\" data-element_type=\"column\">\n\t\t\t<div class=\"elementor-widget-wrap elementor-element-populated\">\n\t\t\t\t\t\t\t\t<div class=\"elementor-element elementor-element-dfec919 elementor-widget elementor-widget-heading\" data-id=\"dfec919\" data-element_type=\"widget\" data-widget_type=\"heading.default\">\n\t\t\t\t<div class=\"elementor-widget-container\">\n\t\t\t<style>\/*! elementor - v3.14.0 - 26-06-2023 *\/\n.elementor-heading-title{padding:0;margin:0;line-height:1}.elementor-widget-heading .elementor-heading-title[class*=elementor-size-]>a{color:inherit;font-size:inherit;line-height:inherit}.elementor-widget-heading .elementor-heading-title.elementor-size-small{font-size:15px}.elementor-widget-heading .elementor-heading-title.elementor-size-medium{font-size:19px}.elementor-widget-heading .elementor-heading-title.elementor-size-large{font-size:29px}.elementor-widget-heading .elementor-heading-title.elementor-size-xl{font-size:39px}.elementor-widget-heading .elementor-heading-title.elementor-size-xxl{font-size:59px}<\/style><h2 class=\"elementor-heading-title elementor-size-medium\">DZIA\u0141ANIA<\/h2>\t\t<\/div>\n\t\t\t\t<\/div>\n\t\t\t\t<div class=\"elementor-element elementor-element-b6ef31b elementor-widget elementor-widget-text-editor\" data-id=\"b6ef31b\" data-element_type=\"widget\" data-widget_type=\"text-editor.default\">\n\t\t\t\t<div class=\"elementor-widget-container\">\n\t\t\t\t\t\t\t<ul><li>na rzecz os\u00f3b zagro\u017conych wykluczeniem spo\u0142ecznym, os\u00f3b bezrobotnych, os\u00f3b <br \/>z niepe\u0142nosprawno\u015bciami,<\/li><li>w obszarze rodziny, macierzy\u0144stwa, rodzicielstwa, upowszechniania i ochrony praw dziecka,<\/li><li>na rzecz nauki, edukacji, wychowania i kultury<\/li><\/ul>\t\t\t\t\t\t<\/div>\n\t\t\t\t<\/div>\n\t\t\t\t\t<\/div>\n\t\t<\/div>\n\t\t\t\t<div class=\"elementor-column elementor-col-33 elementor-top-column elementor-element elementor-element-82ba9d1\" data-id=\"82ba9d1\" data-element_type=\"column\">\n\t\t\t<div class=\"elementor-widget-wrap elementor-element-populated\">\n\t\t\t\t\t\t\t\t<div class=\"elementor-element elementor-element-9e55a03 elementor-widget elementor-widget-heading\" data-id=\"9e55a03\" data-element_type=\"widget\" data-widget_type=\"heading.default\">\n\t\t\t\t<div class=\"elementor-widget-container\">\n\t\t\t<h2 class=\"elementor-heading-title elementor-size-medium\">POMOC<\/h2>\t\t<\/div>\n\t\t\t\t<\/div>\n\t\t\t\t<div class=\"elementor-element elementor-element-790f70c elementor-widget elementor-widget-text-editor\" data-id=\"790f70c\" data-element_type=\"widget\" data-widget_type=\"text-editor.default\">\n\t\t\t\t<div class=\"elementor-widget-container\">\n\t\t\t\t\t\t\t<ul><li>rodzinom i osobom w r\u00f3\u017cnych sytuacjach \u017cyciowych<\/li><li>osobom potrzebuj\u0105cym wsparcia<\/li><li>r\u00f3\u017cnym grupom spo\u0142ecznym<\/li><\/ul>\t\t\t\t\t\t<\/div>\n\t\t\t\t<\/div>\n\t\t\t\t\t<\/div>\n\t\t<\/div>\n\t\t\t\t<div class=\"elementor-column elementor-col-33 elementor-top-column elementor-element elementor-element-46fe15b\" data-id=\"46fe15b\" data-element_type=\"column\">\n\t\t\t<div class=\"elementor-widget-wrap elementor-element-populated\">\n\t\t\t\t\t\t\t\t<div class=\"elementor-element elementor-element-d40946e elementor-widget elementor-widget-heading\" data-id=\"d40946e\" data-element_type=\"widget\" data-widget_type=\"heading.default\">\n\t\t\t\t<div class=\"elementor-widget-container\">\n\t\t\t<h2 class=\"elementor-heading-title elementor-size-medium\">WSPARCIE<\/h2>\t\t<\/div>\n\t\t\t\t<\/div>\n\t\t\t\t<div class=\"elementor-element elementor-element-9a709e1 elementor-widget elementor-widget-text-editor\" data-id=\"9a709e1\" data-element_type=\"widget\" data-widget_type=\"text-editor.default\">\n\t\t\t\t<div class=\"elementor-widget-container\">\n\t\t\t\t\t\t\t<ul><li>r\u00f3wno\u015bci praw kobiet i m\u0119\u017cczyzn<\/li><li>rozwoju przedsi\u0119biorczo\u015bci, wsp\u00f3lnot i spo\u0142eczno\u015bci lokalnych<\/li><li>turystyki, ekologii,\u00a0 ochrony dziedzictwa przyrodniczego&#8230;<\/li><\/ul>\t\t\t\t\t\t<\/div>\n\t\t\t\t<\/div>\n\t\t\t\t\t<\/div>\n\t\t<\/div>\n\t\t\t\t\t\t\t<\/div>\n\t\t<\/section>\n\t\t\t\t\t\t\t<\/div>\n\t\t","protected":false},"excerpt":{"rendered":"<p>Pragniemy, aby osoby obj\u0119te naszymi holistycznymi dzia\u0142aniami, potrafi\u0142y w pe\u0142ni wykorzysta\u0107 sw\u00f3j osobisty potencja\u0142. Dzi\u0119ki czemu b\u0119d\u0105 w stanie kszta\u0142towa\u0107 \u015bwiadomie swoj\u0105 przysz\u0142o\u015b\u0107 zgodnie ze swoimi mo\u017cliwo\u015bciami, zainteresowaniami, zdolno\u015bciami. W ten spos\u00f3b mamy nadziej\u0119 do\u0142o\u017cy\u0107 swoj\u0105 cegie\u0142k\u0119 do budowy lepszego spo\u0142ecze\u0144stwa, sk\u0142adaj\u0105cego si\u0119 ze \u015bwiadomych jednostek dzia\u0142aj\u0105cych we w\u0142asnym interesie, ale r\u00f3wnie\u017c dla dobra wsp\u00f3lnego. [&hellip;]<\/p>\n","protected":false},"author":1,"featured_media":0,"parent":0,"menu_order":0,"comment_status":"closed","ping_status":"closed","template":"","meta":{"footnotes":""},"class_list":["post-896","page","type-page","status-publish","hentry"],"_links":{"self":[{"href":"https:\/\/hcw.org.pl\/index.php\/wp-json\/wp\/v2\/pages\/896","targetHints":{"allow":["GET"]}}],"collection":[{"href":"https:\/\/hcw.org.pl\/index.php\/wp-json\/wp\/v2\/pages"}],"about":[{"href":"https:\/\/hcw.org.pl\/index.php\/wp-json\/wp\/v2\/types\/page"}],"author":[{"embeddable":true,"href":"https:\/\/hcw.org.pl\/index.php\/wp-json\/wp\/v2\/users\/1"}],"replies":[{"embeddable":true,"href":"https:\/\/hcw.org.pl\/index.php\/wp-json\/wp\/v2\/comments?post=896"}],"version-history":[{"count":28,"href":"https:\/\/hcw.org.pl\/index.php\/wp-json\/wp\/v2\/pages\/896\/revisions"}],"predecessor-version":[{"id":1551,"href":"https:\/\/hcw.org.pl\/index.php\/wp-json\/wp\/v2\/pages\/896\/revisions\/1551"}],"wp:attachment":[{"href":"https:\/\/hcw.org.pl\/index.php\/wp-json\/wp\/v2\/media?parent=896"}],"curies":[{"name":"wp","href":"https:\/\/api.w.org\/{rel}","templated":true}]}}